st the prime factors of v.
2, 3
Suppose -49 = -4*r - i, -4*r + 4*i + 9 = -15. Let u(y) = y**2 + 3*y + 2. Let k be u(3). Let m = k - r. List the prime factors of m.
3
Let p = 26 - 12. List the prime factors of p.
2, 7
Let f = 8 - 5. Suppose f = 2*s - 3. Suppose -4 = -3*k - 5*j, k + 3*j = s*k - 28. What are the prime factors of k?
2
Let h(v) = -6*v - 2. Suppose -4*w + 3*w = -2*r - 1, -5*r + 10 = 0. Suppose -5*n + 3*c - 22 = 0, 3*n = w*c - 31 + 5. List the prime factors of h(n).
2, 5
Let q(d) = 2*d**2 - d**2 - 2*d**2 + 21 - 7 - d. List the prime factors of q(0).
2, 7
Let c be 3/(27/(-970)) + (-8)/36. Let b = 1 + -3. What are the prime factors of (b/3)/(4/c)?
2, 3
Suppose 2 = 2*h - 2. Suppose 4*m + m = 0. Suppose -h*c + 52 - 12 = m. List the prime factors of c.
2, 5
Suppose 0 = 3*c - 6*c. Suppose -5*m - 4*h - 13 - 4 = c, 5*m = 5*h + 10. List the prime factors of 6*m*(-4 + 3).
2, 3
Suppose -3*b + 2 = -4*x, x = -3*x - 5*b + 14. Suppose z + x - 2 = -2*v, 3 = -3*v - 3*z. List the prime factors of v.
2
Let w(q) = 10*q**3 + 13 + 5*q**2 - 9*q**3 - 5 - 5*q. Let p be w(-6). Suppose -m = p*n, -4*n - 8 = 4. List the prime factors of m.
2, 3
Let u(y) = y**3 - 2*y**2 - 6*y + 1. Let x be u(5). Let o = -16 + x. Let f = -21 + o. List the prime factors of f.
3
Let y be (-4)/(-16) + (-42)/8. Let x(b) = b**2 + 2*b - 5. What are the prime factors of x(y)?
2, 5
Let z(x) = -16*x + 4. What are the prime factors of z(-2)?
2, 3
What are the prime factors of (-190)/(-57)*(-252)/(-10)?
2, 3, 7
Suppose x + 4*d = 4 + 6, 0 = d - 3. Let y be -3*10*(-12)/30. Let c = x + y. List the prime factors of c.
2, 5
Suppose -4*k = 4*w - k + 19, -2*w - k - 9 = 0. What are the prime factors of -1 + (-2)/w*6?
2
Let k be 6/(-2)*(2 + -1). Let y = -3 - k. List the prime factors of y/(-2) + 6/2.
3
Let u(r) = r**2 - 3*r + 2. What are the prime factors of u(6)?
2, 5
What are the prime factors of 732/28 + 4/(-28)?
2, 13
Let t = -10 - -5. Let u = 8 + t. What are the prime factors of u?
3
Suppose 3*j = -3*n + 45, 0*j - j + 5*n - 3 = 0. Suppose 2*h = 3*y - j, -2*y - 3*y + h + 13 = 0. Suppose -y*b + b = -10. What are the prime factors of b?
2, 5
Let t(c) = -c**3 + 6*c**2 - 6*c + 3. Let v be t(5). Let l(r) = -r**3 - r**2 + 3*r - 2. Let j be l(2). What are the prime factors of (-14)/(-8) + v/j?
2
Let h(a) = -6*a + 4. Let y(j) = -3*j + 2. Let d(b) = -6*h(b) + 11*y(b). List the prime factors of d(4).
2, 5
Suppose -b - 2*b = -15. Suppose u = -3, 4*o - b*u - 13 = -2. List the prime factors of (-1)/((-6)/5 - o).
5
Let g(i) = 5*i - 13. What are the prime factors of g(9)?
2
Suppose 0 = 4*c + 5*x - 537, -2*c + 5*c - 408 = -2*x. Suppose -4*z + 8 = 0, 4*o + 2*z - 5*z - c = 0. What are the prime factors of o?
2, 3
Let m = 10 + -8. Let k be (0 + -3)*(0 - 1). Suppose m*w + 3*c = 13, -4*w + 5*c = -k + 10. List the prime factors of w.
2
Suppose -v - a + 5 = 0, -2*v - 3*a + 16 = a. What are the prime factors of ((-2)/(-6))/(v/36)?
2, 3
Suppose -4*y + 160 = -0*y. Let p = y - 20. Suppose 0 = 3*k - 10 - p. List the prime factors of k.
2, 5
List the prime factors of ((-2)/5)/((-5)/450).
2, 3
Let z(l) be the first derivative of -5*l**2 + 4*l + 2. Let x be z(-3). Suppose -t + x = t. List the prime factors of t.
17
Let j(r) = -r**2 + 16*r. What are the prime factors of j(10)?
2, 3, 5
Suppose -2*i - 5*x - 49 = 0, 5*i + 4*x + 103 - 6 = 0. Let h = -9 - i. List the prime factors of h.
2
Suppose 0 = x + 2*f - 23, 3*x - 3*f - 102 = -2*x. What are the prime factors of x?
3, 7
What are the prime factors of (950/(-4))/(-5) - (-3)/(-6)?
47
Let x = 82 - 44. What are the prime factors of x?
2, 19
Let d be 5/10 + 7/2. Suppose 0 = p - 6*p - 15, 0 = -3*t + d*p + 99. List the prime factors of t.
29
Let k(b) = b**2 - 3*b - 1. Let i be k(4). Let r = 12 - 9. Suppose -r*t - i = -4*t. List the prime factors of t.
3
What are the prime factors of 2*2*(534/24 + 4)?
3, 5, 7
Let y be (-2)/9 - 4832/(-36). What are the prime factors of y/10 + (-6)/15?
13
Let h(b) = 7*b + 17. Let o be h(-3). Let u(t) = -9*t - 1. Let a be u(-1). Let n = a + o. What are the prime factors of n?
2
Let i = -21 - -25. Suppose -2 = l + w - 30, -i*l = 5*w - 109. What are the prime factors of l?
31
Let q(z) be the first derivative of -z**3/6 + 2*z**2 - z + 1. Let g(n) be the first derivative of q(n). List the prime factors of g(-8).
2, 3
Let k = 18 + -13. Suppose 2*i - k*i + 54 = 0. List the prime factors of i.
2, 3
Suppose 0 = -5*h + 14 + 6. What are the prime factors of (22/h)/((-10)/(-60))?
3, 11
Let f(t) be the first derivative of t**2/2 + 12*t - 13. Let c = 2 + -2. List the prime factors of f(c).
2, 3
Suppose 2*d = 5*m - 25, -4*m + 5 = m + 2*d. Suppose -4*f + 2*f + 10 = 0, m*y = -4*f + 20. Suppose y*c + c = 14. List the prime factors of c.
2, 7
Let b(w) = -w**3 + 11*w**2 - 12*w - 14. What are the prime factors of b(6)?
2, 47
Let g be -93*(-2 + 10/6). Let r = g - 14. What are the prime factors of r?
17
Let m(x) = 3*x**2 + 17*x + 1. Let g(f) = -5*f**2 - 26*f - 1. Let a(o) = -5*g(o) - 8*m(o). Let n be a(4). Let b = n - -21. List the prime factors of b.
2, 5
Let g(n) = n. Let v be g(-2). Let y = v + 4. Suppose -h = -4 - y. List the prime factors of h.
2, 3
Let j(x) = -69*x + 1. List the prime factors of j(-2).
139
Suppose 3*r = -8 + 20. Suppose 0 = r*s + 4*x - 24, -4*s = -3*x - 13 - 11. What are the prime factors of s?
2, 3
Let n(t) = -6*t - 11. Let h be n(-5). Let u = 35 - h. What are the prime factors of u?
2
Let f(s) be the second derivative of 1/12*s**4 - 1/2*s**2 + 0 - 1/2*s**3 + s. What are the prime factors of f(5)?
3
Suppose 7 = -3*c + 1. Let w = c - -10. List the prime factors of w.
2
Suppose c = -f - 45 + 428, 0 = -2*f - 10. What are the prime factors of c?
2, 97
Let p(t) = -2*t. Let i be p(9). Let y = -11 - i. List the prime factors of y.
7
Suppose 3*j - c - 33 = -4*c, 5*c - 5 = 0. Suppose -5*y + 45 = -j. What are the prime factors of y?
11
Suppose -w = 3*w - 5*q - 63, -3*w - 3*q + 54 = 0. What are the prime factors of w?
17
Suppose 0 = 4*f - 75 - 57. List the prime factors of f.
3, 11
Suppose 4*o + 7*h - 2*h - 1361 = 0, 0 = -o - 4*h + 343. List the prime factors of o.
3, 113
Let c = -2 - -4. Suppose 0*o = c*o. Suppose 8*l - 3*l - 40 = o. List the prime factors of l.
2
Suppose x = -4*r - 1, -3*x - 5 = -x + 5*r. Let c = 15 + x. Let l = 14 - c. What are the prime factors of l?
2
Suppose h - 4*u = -35, -4*h = -4*u + 83 + 21. Let p = -17 - h. List the prime factors of p.
2, 3
Suppose -z + 4*p - 14 = 0, -5*z - 2*p = -2*z - 14. Let u be 3/(-2 + (5 - z)). Suppose o + o = 2*q + 4, -14 = -u*q - 2*o. List the prime factors of q.
2
Let a(r) = r**2 + r - 1. Let v be a(2). Suppose -3*u = 3*k - 30, -v*u = -k - 2*u - 10. List the prime factors of k.
5
Let n = 132 - 88. List the prime factors of n.
2, 11
Suppose -k = -2*k + 13. Let w(r) = r**3 - 13*r**2 + 2*r + 4. List the prime factors of w(k).
2, 3, 5
Suppose -h + 4 = 1. Suppose 3*o = -3*q + 90, -h*q + 0*o + 4*o + 125 = 0. What are the prime factors of q?
5, 7
Suppose -4 = 4*l - 16. Let c be (-81)/(-4) + 3/(-12). Suppose n = -3*n - 3*m + 35, -4*m = -l*n + c. List the prime factors of n.
2
Let d(n) = 3*n**3 + 3*n**2 - 4*n. List the prime factors of d(3).
2, 3
Suppose -3*h = -7*h. Suppose -5*g + 145 = -h*g. List the prime factors of g.
29
Suppose -7*a - 39 = -466. What are the prime factors of a?
61
Let b(m) = m**2 + 3*m + 4. Let j be b(-3). Let s = j + 6. List the prime factors of s.
2, 5
Let f(o) = o - 2. Let q be f(6). Let y(s) = 2*s**2 + 2*s - 5. What are the prime factors of y(q)?
5, 7
Let h(k) = 3*k**2 - 6*k - 7. What are the prime factors of h(8)?
137
List the prime factors of -1 + -2 + (-9)/(-3) + 28.
2, 7
Let p(g) = g + 4. Let n be p(-4). Suppose -w + 0*w + 29 = n. What are the prime factors of w?
29
Let g = -85 - -154. List the prime factors of g.
3, 23
Let i(g) be the first derivative of -g**3/3 + g**2/2 + 3*g + 2. Let p be i(-5). Let j = -16 - p. What are the prime factors of j?
11
Let s(u) = u**2 - 8*u + 1. What are the prime factors of s(10)?
3, 7
Let l = 96 + -60. List the prime factors of l.
2, 3
Suppose -5*y - 3 + 13 = 0. Let q = 9 - y. What are the prime factors of q?
7
List the prime factors of 426/4 + (-3)/(-6).
107
List the prime factors of ((-1415)/3)/(-5) + 2/3.
5, 19
Let u(m) = 4*m**2 + 4*m + 6. Let o(l) =